r of 6 and s?
6
Suppose 12*s - 5582 = 10*s. Suppose -3*f - 13*n + 8*n + 1667 = 0, -s = -5*f - 2*n. What is the highest common factor of 13 and f?
13
Suppose -2*g + 54 = g. Let j = 18 + g. Suppose -39*v = -10*v - 348. What is the highest common factor of v and j?
12
Let m be 2 + -1 - 18/(-2). Suppose 3*p + 4 - 10 = 0. Let v be (24/30)/(p/m). What is the highest common divisor of 20 and v?
4
Suppose 4*x = n + 6, 12 = 5*n - 749*x + 750*x. Suppose -r + 11 = -0. What is the highest common factor of n and r?
1
Let y(s) = 2*s**2 + 37*s - 163. Let x be y(5). Suppose x = -35*a + 38*a. What is the greatest common factor of a and 40?
8
Suppose 0 = -2*d + 7*d - 715. Let l(w) = w + 12. Let n be l(18). Suppose n*r - 190 = 200. Calculate the greatest common factor of d and r.
13
Let w(z) be the third derivative of z**5/60 - 19*z**4/12 + 124*z**3/3 + 263*z**2 + 2. Let f be w(30). What is the greatest common factor of 1112 and f?
8
Let r(h) = 55*h - 110. Let b be r(-9). Let m = b + 956. What is the greatest common divisor of m and 27?
27
Suppose -m + 2 = -1. Suppose 2*r + 4 = m*r. Let l be 3 - (-3 + -2)/5. Calculate the highest common divisor of l and r.
4
Let z(j) = 7*j + 23. Let f be z(-3). Suppose -f*x + 46 = -8. Let k = 26 - -28. What is the highest common factor of x and k?
27
Let r(w) = 13*w**3 - 12*w**2 + 25*w - 6. Let o be r(2). What is the greatest common factor of o and 5675?
25
Let u(z) = 2*z**2 + 5*z - 2. Let a be u(-6). Let w be (-579 + 651)*2/(-6)*1. Let x = a + w. What is the highest common divisor of x and 112?
16
Let g be 1 - (1/(-4) + 4190/(-40)). Suppose -l - 94 = -g. Calculate the greatest common divisor of l and 108.
12
Let g(u) = -u**3 - 2*u**2 - 3. Let n be g(-6). Let f = n + 158. Suppose f = 5*h - 276. Calculate the greatest common divisor of 23 and h.
23
Suppose -7*x = -168 - 231. Suppose o = -3*o - 4*m + 36, -4*o + 3*m = -x. Let h be o/(-78) + -1 + (-3774)/(-26). What is the greatest common divisor of 18 and h?
18
Let a(z) = -5*z - 2. Let y be a(-1). Suppose -y*n + 21 = -27. Let o be (1 - -1)*88/n. Calculate the greatest common divisor of o and 11.
11
Suppose 79*y = 148*y - 24702. What is the highest common factor of 6 and y?
2
Let r(v) = v**2 - v + 36. Let x be r(0). Suppose 83*d - 84*d + 906 = 3*y, -2*y - 2*d = -612. What is the greatest common factor of x and y?
12
Let d = -159 - -314. Let h = -98 - -91. Let v be h/(21/(-174)) + 4. Calculate the greatest common factor of d and v.
31
Let y be ((-26)/8)/(-1) + 14/(-56). Suppose 5*g + 675 = y*z, z - 281 + 46 = 5*g. What is the highest common divisor of z and 44?
44
Let y = -8684 + 9094. Calculate the highest common factor of 55 and y.
5
Let v be 6/4 - 2 - (-469)/14. Suppose -8*a + 367 = -v. Calculate the highest common factor of 20 and a.
10
Suppose -5*r + 52470 + 66395 = 5*q, -4*q + 95094 = 5*r. Calculate the highest common factor of 11 and q.
11
Let z = -34 - -2. Let n = z - -42. Suppose 4*i = 74 + n. What is the greatest common divisor of i and 21?
21
Let r = -126 - -130. Suppose s + r*v = 151, 4*s + 0*v = -4*v + 580. What is the highest common factor of 13 and s?
13
Suppose 185 + 215 = 13*u - 172. Let t be ((-99)/(-12))/(2/8). What is the highest common divisor of u and t?
11
Let z = -4 - -10. Let d be (-1001)/77 + ((-469)/(-201))/((-2)/(-54)). Calculate the highest common factor of z and d.
2
Let p be 1190 + 131 - (-2 + 4 + -1). Calculate the greatest common factor of p and 80.
40
Let u(l) = 0 + 2*l**3 - 5*l**3 - 2*l**2 + 4*l**3 - 1 - 2*l. Let a be u(5). Suppose -11*b - a = -13*b. What is the greatest common factor of b and 48?
16
Let r(h) = -h**2 - 7*h - 1. Let f be r(3). Suppose 144 = -0*o - o - p, -5*o - 756 = -4*p. Let j = f - o. Calculate the highest common factor of j and 26.
13
Let r = -17928 - -17938. What is the greatest common factor of r and 41160?
10
Let u(c) = c + 18. Let n be u(0). Let j(x) = -x + 14. Let t be j(6). Suppose 4*z = -4*p, 3*z = -3*p + t*p + 16. What is the greatest common divisor of z and n?
2
Let i = -1077 + 1121. Let h(g) = -22*g**2 + g + 2. Let y be h(-2). Let o be (y/(-10))/(2/15). Calculate the greatest common factor of o and i.
22
Let r(t) = t**3 - 36*t**2 + 37*t - 57. Let m be 20*((-84)/16 + 7). Let f be r(m). What is the highest common divisor of f and 208?
13
Let y(f) = 5*f - 4. Let k be y(8). Suppose -w = -7*w + w, 0 = -2*n + 2*w + 72. Calculate the greatest common factor of n and k.
36
Let t = -10243 - -10562. Suppose -v = -5*n + 440, 3*n + 4*v + v = 236. What is the greatest common factor of t and n?
29
Let b = 3530 - 3524. What is the greatest common divisor of b and 1662?
6
Suppose -2*c = -2, 10*r - 68946 = 7*r - 3*c. Calculate the highest common factor of r and 67.
67
Suppose -4*v + 132 = 2*s, -s + 6*v - 10*v = -62. Let g(q) = -q**2 + 9*q - 2. Let k be g(11). Let x = k + 44. What is the highest common divisor of s and x?
10
Suppose 4*s - 4257 = -3*f, 0 = -7*s - 17*f + 22*f + 7419. Calculate the highest common factor of 162 and s.
18
Suppose 5*x = v + 55, 8*x + 2*v = 7*x + 11. Let b = 28 + x. What is the highest common factor of b and 520?
13
Let t be (-11305)/(-510) + (-2)/12. What is the greatest common factor of t and 847?
11
Suppose -2*v - 11 = -19. Let d be -1 + 96/v + -2. What is the greatest common divisor of 672 and d?
21
Suppose 0 = 14*p - 3503 - 1327. Calculate the highest common factor of p and 276.
69
Let z(v) = 941*v + 3777. Let b be z(-4). Let p be -1 + 14 - 0/(-3). Calculate the greatest common divisor of b and p.
13
Suppose -j = 2*c + 178, -8*c + 12*c + 384 = 5*j. Let v = c + 97. Calculate the greatest common factor of v and 5.
1
Suppose 0 = -105*o + 35191 - 4006. Calculate the highest common divisor of o and 6.
3
Suppose -3*y - 12 + 21 = 0. Suppose -3 = y*s - 21. What is the greatest common factor of s and 1?
1
Let f be 8/3*435/(-116). Let k = f + 25. Calculate the highest common factor of 5 and k.
5
Let j(r) = 3*r**2 - 5*r**2 - r + 2*r**2 + 27*r**3. Suppose -6*g + g = -5. Let o be j(g). Calculate the highest common factor of 52 and o.
26
Let w be (-10)/6 - 1281/63. Let f be (11/w)/((-134)/44 - -3). What is the highest common factor of 5 and f?
1
Let z(w) = -w**3 + 10*w**2 + w + 1. Let t be (-511)/(-49) - (-6)/(-14). Let a be z(t). Let o be 2/a + 462/121. What is the highest common factor of 12 and o?
4
Let i(s) = -3*s**3 - s**2 - s - 1. Let k be i(-1). Suppose -r - k*r = 0. Suppose r = j + 2 - 29. Calculate the highest common factor of j and 18.
9
Let n(k) = -66*k + 130. Let x be n(-10). Let l = -344 - -354. Calculate the highest common divisor of x and l.
10
Let p(q) = -3*q + 75. Let a = -265 - -270. Let f be p(a). Calculate the highest common divisor of f and 90.
30
Suppose 3*c = -4*s + 20, 0 = 3*c + s - 3*s - 8. Let t be 1/4 - 17/68. Suppose -c*a + 108 = -t*a. What is the highest common factor of 3 and a?
3
Let n = -1363 + 2580. Suppose -n = -6*l - 299. What is the highest common factor of 255 and l?
51
Let v be (-11840)/(-840) + -4 + (-246)/(-63). What is the highest common factor of 8582 and v?
14
Suppose 310*w + 2*t - 15 = 307*w, 4*w - 4*t = 0. What is the highest common factor of 141 and w?
3
Suppose -4*u - 3*p = -590, 0*u = 5*u + 2*p - 734. Suppose -4*d = -x + 66, 3*x + 0*d - u = -d. What is the highest common divisor of x and 75?
25
Suppose -364 = 34*d + 146. Let i(n) = -22*n - 22. Let b be i(d). Let y = -35 + 63. What is the greatest common divisor of b and y?
28
Let m = -2435 - -2579. Calculate the highest common factor of m and 120.
24
Suppose -65486*m + 65526*m = 1920. What is the greatest common factor of m and 4848?
48
Let h = 2 + -2. Let u = -343 + 348. Suppose d + 2*d - 3 = h, 5*d = u*z - 75. What is the highest common divisor of z and 64?
16
Suppose -3*i + 151 + 29 = 0. Let u(t) = 8*t**2 + t + 9. Let h be u(-4). Suppose -5*s - h = -233. Calculate the highest common divisor of i and s.
20
Let r = 11127 - 9774. Calculate the highest common divisor of r and 1968.
123
Suppose -24*z + 26*z = 24. Let d = -23 + 32. Suppose -4*r - 480 = -d*r. What is the greatest common factor of r and z?
12
Let j be ((5 - 2)*11)/(366/244). Let n be (2 + -1 + -171)/(j/(-66)). What is the greatest common divisor of n and 60?
30
Suppose -13 = -4*p + 3*a + 298, 4*a - 92 = -p. Let y = -36 + p. What is the greatest common divis